{"id":758,"date":"2021-02-21T19:50:19","date_gmt":"2021-02-21T19:50:19","guid":{"rendered":"http:\/\/www.santateresa.edu.pe\/portal\/?page_id=758"},"modified":"2021-02-21T19:57:09","modified_gmt":"2021-02-21T19:57:09","slug":"modelo-educativo","status":"publish","type":"page","link":"https:\/\/www.santateresa.edu.pe\/portal\/nosotros\/modelo-educativo\/","title":{"rendered":"Modelo Educativo"},"content":{"rendered":"<p>[vc_row content_placement=\u00bbmiddle\u00bb][vc_column width=\u00bb1\/2&#8243;][vc_column_text]<strong>Nuestra axiolog\u00eda<\/strong><\/p>\n<p>La Instituci\u00f3n Educativa Parroquial \u201cSanta Teresa de Jes\u00fas\u201d lleva impresa la herencia del Carmelo Teresiano, fundamenta su acci\u00f3n educativa en una concepci\u00f3n cristiana del ser humano, la vida y el mundo. Creen en el Evangelio de Jesucristo, en el Magisterio de la Iglesia y se inspira en el estilo de vida de Santa Teresa de Jes\u00fas, modelo de virtudes.<\/p>\n<p>&nbsp;<\/p>\n<p>Seg\u00fan el carisma de Santa Teresa de Jes\u00fas, la Instituci\u00f3n Educativa es una familia donde se cultiva el di\u00e1logo, la amistad, la alegr\u00eda, la confianza, la solidaridad, el encuentro con Dios y con el pr\u00f3jimo, ejercitando la oraci\u00f3n y el compromiso eclesial. Se orienta por las normas constitucionales que rigen para la Educaci\u00f3n Peruana, la Ley General de la Educaci\u00f3n y por los documentos eclesiales que orientan la Escuela Cat\u00f3lica, la Propuesta Educativa de Las Carmelitas Misioneras y otros, que fomentan el derecho a la educaci\u00f3n integral.<\/p>\n<p>&nbsp;<\/p>\n<p><strong>Nuestro Modelo Educativo Cristiano<\/strong><\/p>\n<p>Optamos por un modelo educativo abierto a la trascendencia, favoreciendo la integraci\u00f3n entre la fe, la raz\u00f3n y la cultura, afirmando la identidad personal.<\/p>\n<p>&nbsp;<\/p>\n<p>Desarrollamos en las ni\u00f1as y los ni\u00f1os el sentido de pertenencia e identidad con su realidad familiar, social y cultural.<\/p>\n<p>&nbsp;<\/p>\n<p>Priorizamos la participaci\u00f3n activa y solidaria de los estudiantes en la vida familiar, social, escolar, afirmando los valores c\u00edvico-patri\u00f3ticos, culturales y religiosos.<\/p>\n<p>&nbsp;<\/p>\n<p>Brindamos apoyo al personal de la comunidad educativa para su actualizaci\u00f3n y capacitaci\u00f3n, formativa-pedag\u00f3gica, fomentando una educaci\u00f3n de calidad.<\/p>\n<p>&nbsp;<\/p>\n<p>Motivamos a los padres de familia a participar y colaborar en las diferentes actividades formativas y recreativas que organiza la IEPq.<\/p>\n<p>&nbsp;<\/p>\n<p><strong>IDENTIDAD TERESIANA<\/strong><\/p>\n<p>LECTURA. \u201cSi no ten\u00eda un libro nuevo no me parec\u00eda ten\u00eda contento (Vida 1,5)<br \/>\nORACI\u00d3N. \u201cNo es otra cosa oraci\u00f3n mental, a mi parecer, sino tratar de amistad, estando muchas veces tratando a solas, con quien sabemos nos ama\u201d (Vida 8,5)<br \/>\nEDUCACI\u00d3N EN EL HOGAR. \u201cEs propio de los hijos errar y de los padres perdonar, y no mirar sus faltas (Epistolario, 98).<br \/>\nFRATERNIDAD. \u201cAqu\u00ed todas han de ser amigas, todas se han de querer, todas se han de amar, todas se han de ayudar\u201d (C4, 7)<br \/>\nAMOR ECLESIAL. \u201c\u2026 Como veo las grandes necesidades de la Iglesia, que \u00e9stas me afligen tanto\u2026\u201d (R, 3-7)<br \/>\nDEVOCI\u00d3N MARIANA. \u201cAgrada mucho al Se\u00f1or cualquier servicio que se le haga a su Madre, la Virgen Mar\u00eda\u201d (F. 105)<\/p>\n<p>&nbsp;<\/p>\n<p><strong>PERFIL DEL ESTUDIANTE TERESIANO<\/strong><\/p>\n<ol>\n<li>El ni\u00f1o\/a vivencia su fe cristiana en la pr\u00e1ctica de los valores evang\u00e9lico-teresianos, defiende la vida, la justicia, la libertad y es constructor de un clima fraterno.<\/li>\n<li>Es responsable, creativo, reflexivo, anal\u00edtico, sensible y con una participaci\u00f3n activa y solidaria frente a los desaf\u00edos que presenta la vida.<\/li>\n<li>Expresa libremente sus aciertos y errores, dando alternativas de soluci\u00f3n a los problemas del entorno familiar, escolar y social.<\/li>\n<li>Participa en la elaboraci\u00f3n, organizaci\u00f3n y construcci\u00f3n de su propio conocimiento a trav\u00e9s de aprendizajes significativos.<\/li>\n<li>Desarrolla el compromiso de ejercitar los derechos, deberes y responsabilidades como estudiante, como hijo\/a y como parte de la sociedad.<\/li>\n<li>Vive los valores evang\u00e9licos, participando en actividades que dinamicen su sentido su sentido de pertenencia eclesial.<\/li>\n<li>Expresa la fraternidad con actitudes que favorezcan la uni\u00f3n, anunciando la unidad en un mundo individualista.<\/li>\n<li>Asiste a todas las actividades culturales, art\u00edsticas, eventos deportivos, excursiones que se realizan en forma permanente y son criterio de evaluaci\u00f3n porque son parte de su formaci\u00f3n integral.<\/li>\n<\/ol>\n<p>&nbsp;<\/p>\n<p>&nbsp;<\/p>\n<p>&nbsp;<\/p>\n<p>&nbsp;<\/p>\n<p>&nbsp;<\/p>\n<p>&nbsp;<\/p>\n<p>&nbsp;<\/p>\n<p>&nbsp;<\/p>\n<p>&nbsp;[\/vc_column_text][\/vc_column][vc_column width=\u00bb1\/2&#8243;]<\/p>\n<div class=\"image wrap-box no-style below\" style=\"\">\n<div class=\"wrap-box-inner\"><img decoding=\"async\" class=\"wrap-box-element\" style=\" \" src=\"http:\/\/www.santateresa.edu.pe\/portal\/wp-content\/uploads\/2021\/02\/interior-images-1-4.jpg\" alt=\"\"\/><\/div>\n<\/div>\n<div class=\"image wrap-box no-style below\" style=\"\">\n<div class=\"wrap-box-inner\"><img decoding=\"async\" class=\"wrap-box-element\" style=\" \" src=\"http:\/\/www.santateresa.edu.pe\/portal\/wp-content\/uploads\/2021\/02\/interior-images-2-1.jpg\" alt=\"\"\/><\/div>\n<\/div>\n<div class=\"image wrap-box no-style below\" style=\"\">\n<div class=\"wrap-box-inner\"><img decoding=\"async\" class=\"wrap-box-element\" style=\" \" src=\"http:\/\/www.santateresa.edu.pe\/portal\/wp-content\/uploads\/2021\/02\/interior-images-3-1.jpg\" alt=\"\"\/><\/div>\n<\/div>\n<div class=\"image wrap-box no-style below\" style=\"\">\n<div class=\"wrap-box-inner\"><img decoding=\"async\" class=\"wrap-box-element\" style=\" \" src=\"http:\/\/www.santateresa.edu.pe\/portal\/wp-content\/uploads\/2021\/02\/interior-images-4-3.jpg\" alt=\"\"\/><\/div>\n<\/div>\n<p>[\/vc_column][\/vc_row]<\/p>\n","protected":false},"excerpt":{"rendered":"<p>[vc_row content_placement=\u00bbmiddle\u00bb][vc_column width=\u00bb1\/2&#8243;][vc_column_text]Nuestra axiolog\u00eda La Instituci\u00f3n Educativa Parroquial \u201cSanta Teresa de Jes\u00fas\u201d lleva impresa la herencia del Carmelo Teresiano, fundamenta&#8230;<\/p>\n","protected":false},"author":1,"featured_media":0,"parent":8,"menu_order":0,"comment_status":"closed","ping_status":"closed","template":"","meta":{"_joinchat":[],"footnotes":""},"class_list":["post-758","page","type-page","status-publish","hentry"],"_links":{"self":[{"href":"https:\/\/www.santateresa.edu.pe\/portal\/wp-json\/wp\/v2\/pages\/758"}],"collection":[{"href":"https:\/\/www.santateresa.edu.pe\/portal\/wp-json\/wp\/v2\/pages"}],"about":[{"href":"https:\/\/www.santateresa.edu.pe\/portal\/wp-json\/wp\/v2\/types\/page"}],"author":[{"embeddable":true,"href":"https:\/\/www.santateresa.edu.pe\/portal\/wp-json\/wp\/v2\/users\/1"}],"replies":[{"embeddable":true,"href":"https:\/\/www.santateresa.edu.pe\/portal\/wp-json\/wp\/v2\/comments?post=758"}],"version-history":[{"count":3,"href":"https:\/\/www.santateresa.edu.pe\/portal\/wp-json\/wp\/v2\/pages\/758\/revisions"}],"predecessor-version":[{"id":764,"href":"https:\/\/www.santateresa.edu.pe\/portal\/wp-json\/wp\/v2\/pages\/758\/revisions\/764"}],"up":[{"embeddable":true,"href":"https:\/\/www.santateresa.edu.pe\/portal\/wp-json\/wp\/v2\/pages\/8"}],"wp:attachment":[{"href":"https:\/\/www.santateresa.edu.pe\/portal\/wp-json\/wp\/v2\/media?parent=758"}],"curies":[{"name":"wp","href":"https:\/\/api.w.org\/{rel}","templated":true}]}}

<p>[vc_row content_placement=»middle»][vc_column width=»1/2&#8243;][vc_column_text]<strong>Nuestra axiología</strong></p>
<p>La Institución Educativa Parroquial “Santa Teresa de Jesús” lleva impresa la herencia del Carmelo Teresiano, fundamenta su acción educativa en una concepción cristiana del ser humano, la vida y el mundo. Creen en el Evangelio de Jesucristo, en el Magisterio de la Iglesia y se inspira en el estilo de vida de Santa Teresa de Jesús, modelo de virtudes.</p>
<p>&nbsp;</p>
<p>Según el carisma de Santa Teresa de Jesús, la Institución Educativa es una familia donde se cultiva el diálogo, la amistad, la alegría, la confianza, la solidaridad, el encuentro con Dios y con el prójimo, ejercitando la oración y el compromiso eclesial. Se orienta por las normas constitucionales que rigen para la Educación Peruana, la Ley General de la Educación y por los documentos eclesiales que orientan la Escuela Católica, la Propuesta Educativa de Las Carmelitas Misioneras y otros, que fomentan el derecho a la educación integral.</p>
<p>&nbsp;</p>
<p><strong>Nuestro Modelo Educativo Cristiano</strong></p>
<p>Optamos por un modelo educativo abierto a la trascendencia, favoreciendo la integración entre la fe, la razón y la cultura, afirmando la identidad personal.</p>
<p>&nbsp;</p>
<p>Desarrollamos en las niñas y los niños el sentido de pertenencia e identidad con su realidad familiar, social y cultural.</p>
<p>&nbsp;</p>
<p>Priorizamos la participación activa y solidaria de los estudiantes en la vida familiar, social, escolar, afirmando los valores cívico-patrióticos, culturales y religiosos.</p>
<p>&nbsp;</p>
<p>Brindamos apoyo al personal de la comunidad educativa para su actualización y capacitación, formativa-pedagógica, fomentando una educación de calidad.</p>
<p>&nbsp;</p>
<p>Motivamos a los padres de familia a participar y colaborar en las diferentes actividades formativas y recreativas que organiza la IEPq.</p>
<p>&nbsp;</p>
<p><strong>IDENTIDAD TERESIANA</strong></p>
<p>LECTURA. “Si no tenía un libro nuevo no me parecía tenía contento (Vida 1,5)<br />
ORACIÓN. “No es otra cosa oración mental, a mi parecer, sino tratar de amistad, estando muchas veces tratando a solas, con quien sabemos nos ama” (Vida 8,5)<br />
EDUCACIÓN EN EL HOGAR. “Es propio de los hijos errar y de los padres perdonar, y no mirar sus faltas (Epistolario, 98).<br />
FRATERNIDAD. “Aquí todas han de ser amigas, todas se han de querer, todas se han de amar, todas se han de ayudar” (C4, 7)<br />
AMOR ECLESIAL. “… Como veo las grandes necesidades de la Iglesia, que éstas me afligen tanto…” (R, 3-7)<br />
DEVOCIÓN MARIANA. “Agrada mucho al Señor cualquier servicio que se le haga a su Madre, la Virgen María” (F. 105)</p>
<p>&nbsp;</p>
<p><strong>PERFIL DEL ESTUDIANTE TERESIANO</strong></p>
<ol>
<li>El niño/a vivencia su fe cristiana en la práctica de los valores evangélico-teresianos, defiende la vida, la justicia, la libertad y es constructor de un clima fraterno.</li>
<li>Es responsable, creativo, reflexivo, analítico, sensible y con una participación activa y solidaria frente a los desafíos que presenta la vida.</li>
<li>Expresa libremente sus aciertos y errores, dando alternativas de solución a los problemas del entorno familiar, escolar y social.</li>
<li>Participa en la elaboración, organización y construcción de su propio conocimiento a través de aprendizajes significativos.</li>
<li>Desarrolla el compromiso de ejercitar los derechos, deberes y responsabilidades como estudiante, como hijo/a y como parte de la sociedad.</li>
<li>Vive los valores evangélicos, participando en actividades que dinamicen su sentido su sentido de pertenencia eclesial.</li>
<li>Expresa la fraternidad con actitudes que favorezcan la unión, anunciando la unidad en un mundo individualista.</li>
<li>Asiste a todas las actividades culturales, artísticas, eventos deportivos, excursiones que se realizan en forma permanente y son criterio de evaluación porque son parte de su formación integral.</li>
</ol>
<p>&nbsp;</p>
<p>&nbsp;</p>
<p>&nbsp;</p>
<p>&nbsp;</p>
<p>&nbsp;</p>
<p>&nbsp;</p>
<p>&nbsp;</p>
<p>&nbsp;</p>
<p>&nbsp;[/vc_column_text][/vc_column][vc_column width=»1/2&#8243;]</p>
<div class="image wrap-box no-style below" style="">
<div class="wrap-box-inner"><img decoding="async" class="wrap-box-element" style=" " src="http://www.santateresa.edu.pe/portal/wp-content/uploads/2021/02/interior-images-1-4.jpg" alt=""/></div>
</div>
<div class="image wrap-box no-style below" style="">
<div class="wrap-box-inner"><img decoding="async" class="wrap-box-element" style=" " src="http://www.santateresa.edu.pe/portal/wp-content/uploads/2021/02/interior-images-2-1.jpg" alt=""/></div>
</div>
<div class="image wrap-box no-style below" style="">
<div class="wrap-box-inner"><img decoding="async" class="wrap-box-element" style=" " src="http://www.santateresa.edu.pe/portal/wp-content/uploads/2021/02/interior-images-3-1.jpg" alt=""/></div>
</div>
<div class="image wrap-box no-style below" style="">
<div class="wrap-box-inner"><img decoding="async" class="wrap-box-element" style=" " src="http://www.santateresa.edu.pe/portal/wp-content/uploads/2021/02/interior-images-4-3.jpg" alt=""/></div>
</div>
<p>[/vc_column][/vc_row]</p>

<p>[vc_row content_placement=»middle»][vc_column width=»1/2&#8243;][vc_column_text]Nuestra axiología La Institución Educativa Parroquial “Santa Teresa de Jesús” lleva impresa la herencia del Carmelo Teresiano, fundamenta&#8230;</p>
