{"id":737,"date":"2021-02-21T19:23:52","date_gmt":"2021-02-21T19:23:52","guid":{"rendered":"http:\/\/www.santateresa.edu.pe\/portal\/?page_id=737"},"modified":"2021-04-23T18:03:27","modified_gmt":"2021-04-23T18:03:27","slug":"bienvenidos","status":"publish","type":"page","link":"http:\/\/www.santateresa.edu.pe\/portal\/nosotros\/bienvenidos\/","title":{"rendered":"Bienvenidos"},"content":{"rendered":"<p>[vc_row content_placement=\u00bbmiddle\u00bb][vc_column width=\u00bb1\/2&#8243;][vc_column_text]Les doy la m\u00e1s cordial bienvenida a todos ustedes queridos alumnos y alumnas, Profesores y Profesoras, Personal Administrativo y de apoyo, Padres de familia y apoderados, Comunidad del colegio Santa Teresa de Jes\u00fas presente. En este nuevo a\u00f1o escolar 2021, la comunidad de Padres Carmelitas Descalzos en su representaci\u00f3n de mi persona y las Madres Carmelitas Misioneras, les damos la bienvenida a nuestra instituci\u00f3n educativa.<\/p>\n<p>&nbsp;<\/p>\n<p>Somos una comunidad educativa que se ha proyectado y consolidado como un colegio de prestigio, orgullosos de lo que hemos construido y de los obst\u00e1culos que hemos vencido. Somos un colegio de excelencia que valora lo que tiene, y hoy m\u00e1s que nunca estamos conscientes de las oportunidades y desaf\u00edos que la vida nos presenta.<\/p>\n<p>&nbsp;<\/p>\n<p>&nbsp;<\/p>\n<p>Durante a\u00f1os hemos trabajado en construir este colegio, camino que se ha trazado desde el conocimiento, disciplina y confianza, en donde los cambios han sido parte del diario vivir. Nuestra comunidad educativa, se enfoca en el mejoramiento de los logros de aprendizajes y la formaci\u00f3n integral de todos los estudiantes, humana como espiritual, as\u00ed como los valores cristianos como la fe, el amor, la esperanza en consonancia con la equidad, la inclusi\u00f3n y el respeto a la diversidad. Estos valores y prop\u00f3sitos comunes nos dan sentido, orientan y motivan para el trabajo de cada uno de los miembros de la comunidad educativa contribuyendo a la cohesi\u00f3n y alineamiento de todos nuestros esfuerzos.<\/p>\n<p>&nbsp;<\/p>\n<p>Ustedes padres de familia y apoderados, cumplen un rol fundamental en la formaci\u00f3n y educaci\u00f3n de sus hijos; esta Instituci\u00f3n fortalecer\u00e1 y guiar\u00e1 siempre este proceso.<\/p>\n<p>&nbsp;<\/p>\n<p>A los docentes quienes son los encargados de crear estrategias de aprendizaje y que \u00e9stas sean significativas para los alumnos y alumnas, como tambi\u00e9n son quienes promueven un clima de aceptaci\u00f3n, equidad, confianza, y respeto para todos sus alumnos y alumnas.<\/p>\n<p>&nbsp;<\/p>\n<p>Y a ustedes alumnos y alumnas, son los constructores de su propio futuro, con derechos y deberes, son quienes adem\u00e1s generan sus aprendizajes; en ustedes depositamos toda nuestra confianza.<\/p>\n<p>&nbsp;<\/p>\n<p>Nos encomendamos a Dios nuestro Padre, a nuestra Madre Sant\u00edsima del Carmelo, a Santa Teresa de Jes\u00fas, para estar abiertos a los retos, a salir adelante, a\u00fan en medio de esta pandemia.<\/p>\n<p>&nbsp;<\/p>\n<p>Finalmente desearles un muy buen a\u00f1o escolar y personal, siempre estaremos atentos a las necesidades que presenten.<\/p>\n<p>&nbsp;<\/p>\n<p><strong>P. Saulo Alvarado Zamora, Ocd.<\/strong><br \/>\n<strong>Promotor<\/strong>[\/vc_column_text][\/vc_column][vc_column width=\u00bb1\/2&#8243;]<\/p>\n<div class=\"image wrap-box no-style below\" style=\"\">\n<div class=\"wrap-box-inner\"><img decoding=\"async\" class=\"wrap-box-element\" style=\" \" src=\"http:\/\/www.santateresa.edu.pe\/portal\/wp-content\/uploads\/2021\/02\/interior-images-7.jpg\" alt=\"\"\/><\/div>\n<\/div>\n<div class=\"image wrap-box no-style below\" style=\"\">\n<div class=\"wrap-box-inner\"><img decoding=\"async\" class=\"wrap-box-element\" style=\" \" src=\"http:\/\/www.santateresa.edu.pe\/portal\/wp-content\/uploads\/2021\/02\/interior-images-1-1.jpg\" alt=\"\"\/><\/div>\n<\/div>\n<p>[vc_empty_space height=\u00bb200px\u00bb][\/vc_column][\/vc_row]<\/p>\n","protected":false},"excerpt":{"rendered":"<p>[vc_row content_placement=\u00bbmiddle\u00bb][vc_column width=\u00bb1\/2&#8243;][vc_column_text]Les doy la m\u00e1s cordial bienvenida a todos ustedes queridos alumnos y alumnas, Profesores y Profesoras, Personal Administrativo&#8230;<\/p>\n","protected":false},"author":1,"featured_media":0,"parent":8,"menu_order":0,"comment_status":"closed","ping_status":"closed","template":"","meta":{"_joinchat":[],"footnotes":""},"class_list":["post-737","page","type-page","status-publish","hentry"],"_links":{"self":[{"href":"http:\/\/www.santateresa.edu.pe\/portal\/wp-json\/wp\/v2\/pages\/737"}],"collection":[{"href":"http:\/\/www.santateresa.edu.pe\/portal\/wp-json\/wp\/v2\/pages"}],"about":[{"href":"http:\/\/www.santateresa.edu.pe\/portal\/wp-json\/wp\/v2\/types\/page"}],"author":[{"embeddable":true,"href":"http:\/\/www.santateresa.edu.pe\/portal\/wp-json\/wp\/v2\/users\/1"}],"replies":[{"embeddable":true,"href":"http:\/\/www.santateresa.edu.pe\/portal\/wp-json\/wp\/v2\/comments?post=737"}],"version-history":[{"count":3,"href":"http:\/\/www.santateresa.edu.pe\/portal\/wp-json\/wp\/v2\/pages\/737\/revisions"}],"predecessor-version":[{"id":792,"href":"http:\/\/www.santateresa.edu.pe\/portal\/wp-json\/wp\/v2\/pages\/737\/revisions\/792"}],"up":[{"embeddable":true,"href":"http:\/\/www.santateresa.edu.pe\/portal\/wp-json\/wp\/v2\/pages\/8"}],"wp:attachment":[{"href":"http:\/\/www.santateresa.edu.pe\/portal\/wp-json\/wp\/v2\/media?parent=737"}],"curies":[{"name":"wp","href":"https:\/\/api.w.org\/{rel}","templated":true}]}}

<p>[vc_row content_placement=»middle»][vc_column width=»1/2&#8243;][vc_column_text]Les doy la más cordial bienvenida a todos ustedes queridos alumnos y alumnas, Profesores y Profesoras, Personal Administrativo y de apoyo, Padres de familia y apoderados, Comunidad del colegio Santa Teresa de Jesús presente. En este nuevo año escolar 2021, la comunidad de Padres Carmelitas Descalzos en su representación de mi persona y las Madres Carmelitas Misioneras, les damos la bienvenida a nuestra institución educativa.</p>
<p>&nbsp;</p>
<p>Somos una comunidad educativa que se ha proyectado y consolidado como un colegio de prestigio, orgullosos de lo que hemos construido y de los obstáculos que hemos vencido. Somos un colegio de excelencia que valora lo que tiene, y hoy más que nunca estamos conscientes de las oportunidades y desafíos que la vida nos presenta.</p>
<p>&nbsp;</p>
<p>&nbsp;</p>
<p>Durante años hemos trabajado en construir este colegio, camino que se ha trazado desde el conocimiento, disciplina y confianza, en donde los cambios han sido parte del diario vivir. Nuestra comunidad educativa, se enfoca en el mejoramiento de los logros de aprendizajes y la formación integral de todos los estudiantes, humana como espiritual, así como los valores cristianos como la fe, el amor, la esperanza en consonancia con la equidad, la inclusión y el respeto a la diversidad. Estos valores y propósitos comunes nos dan sentido, orientan y motivan para el trabajo de cada uno de los miembros de la comunidad educativa contribuyendo a la cohesión y alineamiento de todos nuestros esfuerzos.</p>
<p>&nbsp;</p>
<p>Ustedes padres de familia y apoderados, cumplen un rol fundamental en la formación y educación de sus hijos; esta Institución fortalecerá y guiará siempre este proceso.</p>
<p>&nbsp;</p>
<p>A los docentes quienes son los encargados de crear estrategias de aprendizaje y que éstas sean significativas para los alumnos y alumnas, como también son quienes promueven un clima de aceptación, equidad, confianza, y respeto para todos sus alumnos y alumnas.</p>
<p>&nbsp;</p>
<p>Y a ustedes alumnos y alumnas, son los constructores de su propio futuro, con derechos y deberes, son quienes además generan sus aprendizajes; en ustedes depositamos toda nuestra confianza.</p>
<p>&nbsp;</p>
<p>Nos encomendamos a Dios nuestro Padre, a nuestra Madre Santísima del Carmelo, a Santa Teresa de Jesús, para estar abiertos a los retos, a salir adelante, aún en medio de esta pandemia.</p>
<p>&nbsp;</p>
<p>Finalmente desearles un muy buen año escolar y personal, siempre estaremos atentos a las necesidades que presenten.</p>
<p>&nbsp;</p>
<p><strong>P. Saulo Alvarado Zamora, Ocd.</strong><br />
<strong>Promotor</strong>[/vc_column_text][/vc_column][vc_column width=»1/2&#8243;]</p>
<div class="image wrap-box no-style below" style="">
<div class="wrap-box-inner"><img decoding="async" class="wrap-box-element" style=" " src="http://www.santateresa.edu.pe/portal/wp-content/uploads/2021/02/interior-images-7.jpg" alt=""/></div>
</div>
<div class="image wrap-box no-style below" style="">
<div class="wrap-box-inner"><img decoding="async" class="wrap-box-element" style=" " src="http://www.santateresa.edu.pe/portal/wp-content/uploads/2021/02/interior-images-1-1.jpg" alt=""/></div>
</div>
<p>[vc_empty_space height=»200px»][/vc_column][/vc_row]</p>

<p>[vc_row content_placement=»middle»][vc_column width=»1/2&#8243;][vc_column_text]Les doy la más cordial bienvenida a todos ustedes queridos alumnos y alumnas, Profesores y Profesoras, Personal Administrativo&#8230;</p>
