{"id":217,"date":"2018-11-29T07:03:15","date_gmt":"2018-11-29T07:03:15","guid":{"rendered":"http:\/\/www.sie-colegios.com\/san-francisco\/?page_id=217"},"modified":"2021-05-03T20:49:41","modified_gmt":"2021-05-03T20:49:41","slug":"quienes-somos","status":"publish","type":"page","link":"http:\/\/www.santateresa.edu.pe\/portal\/nosotros\/quienes-somos\/","title":{"rendered":"Qui\u00e9nes Somos"},"content":{"rendered":"<p>[vc_row][vc_column width=\u00bb1\/2&#8243;][vc_column_text]<\/p>\n<p style=\"text-align: center;\"><strong>UN SUE\u00d1O COMPARTIDO<\/strong><\/p>\n<p style=\"text-align: center;\">\u201cNada te turbe;<br \/>\nnada te espante;<br \/>\ntodo se pasa;<br \/>\nDios no se muda,<br \/>\nla paciencia todo lo alcanza.<br \/>\nQuien a Dios tiene,<br \/>\nnada le falta.<br \/>\nSolo Dios basta\u201d.<\/p>\n<p style=\"text-align: center;\">(Santa Teresa de Jes\u00fas)<\/p>\n<p>&nbsp;<\/p>\n<p>En esta situaci\u00f3n de crisis, pareciera que no hay espacio para proyectarnos al futuro, para so\u00f1ar. Sin embargo, a la luz de las palabras de Santa Teresa de Jes\u00fas podemos decir que \u201ctodo se pasa\u201d y que \u201cDios no se muda\u201d, no nos abandona, podemos expresar nuestros sue\u00f1os porque ya hay un camino recorrido que debemos retomar.<\/p>\n<p>&nbsp;<\/p>\n<p><strong>Sue\u00f1o con un Colegio\u2026 <\/strong><\/p>\n<p>que sea en verdad una comunidad de amigos y amigas,<\/p>\n<p>donde los estudiantes jueguen un rol protag\u00f3nico.<\/p>\n<p>Que no se diga a los ni\u00f1os y a las ni\u00f1as<\/p>\n<p>que ellos son el futuro del ma\u00f1ana\u2026 porque el futuro no es ma\u00f1ana, es hoy\u2026<\/p>\n<p>y ellos y ellas, tienen el derecho de ser protagonistas hoy<\/p>\n<p>sin alienarse en un ma\u00f1ana que todav\u00eda no existe\u2026<\/p>\n<p>&nbsp;<\/p>\n<p><strong>Sue\u00f1o con un Colegio\u2026<\/strong><\/p>\n<p>Con profesoras y profesores innovadores, proactivos<\/p>\n<p>con ni\u00f1os y ni\u00f1as que sepan romper esquemas<\/p>\n<p>y sepan de fe y de esperanza.<\/p>\n<p>Con profesionales que conf\u00edan y proponen retos<\/p>\n<p>que en estos tiempos en que un virus nos llena de confusi\u00f3n y de miedo,<\/p>\n<p>saben trasmitir ideas claras y fuerzas regeneradoras.<\/p>\n<p>&nbsp;<\/p>\n<p><strong>Sue\u00f1o con una Colegio\u2026. <\/strong><\/p>\n<p>Que en estos tiempos que nos condenan al aislamiento<\/p>\n<p>sabe gritar con el Papa Francisco que todos somos hermanos.<\/p>\n<p>Que en estos tiempos de tentaciones ego\u00edstas e individualistas<\/p>\n<p>inspira en sus estudiantes valores de ciudadan\u00eda y de servicio.<\/p>\n<p>&nbsp;<\/p>\n<p><strong>Y por eso, sue\u00f1o con un Colegio\u2026<\/strong><\/p>\n<p>donde se hable poco del Dios del castigo y de la muerte,<\/p>\n<p>y mucho del Dios del amor y de la vida.<\/p>\n<p>con poca tendencia a encerrarse en si mismo,<\/p>\n<p>y mucha proyecci\u00f3n hacia las comunidades de nuestro entorno,<\/p>\n<p>capaz de colaborar en el proyecto de Dios<\/p>\n<p>&nbsp;<\/p>\n<p>Con la certeza de ser un sue\u00f1o compartido con toda la comunidad de Santa Teresa de Jes\u00fas los animo a seguir adelante para hacerlo realidad.<\/p>\n<p>&nbsp;<\/p>\n<p><strong>Ana Eugenia Morales Nole<\/strong><\/p>\n<p><strong>Directora<\/strong>[\/vc_column_text][\/vc_column][vc_column width=\u00bb1\/2&#8243;]<\/p>\n<div class=\"image wrap-box style-3 below\" style=\"\">\n<div class=\"wrap-box-inner\"><img decoding=\"async\" class=\"wrap-box-element\" style=\" \" src=\"http:\/\/www.santateresa.edu.pe\/portal\/wp-content\/uploads\/2021\/02\/interior-images-4-2.jpg\" alt=\"\"\/><\/div>\n<\/div>\n<p>[\/vc_column][\/vc_row]<\/p>\n","protected":false},"excerpt":{"rendered":"<p>[vc_row][vc_column width=\u00bb1\/2&#8243;][vc_column_text] UN SUE\u00d1O COMPARTIDO \u201cNada te turbe; nada te espante; todo se pasa; Dios no se muda, la paciencia&#8230;<\/p>\n","protected":false},"author":1,"featured_media":0,"parent":8,"menu_order":0,"comment_status":"closed","ping_status":"closed","template":"","meta":{"_joinchat":[],"footnotes":""},"class_list":["post-217","page","type-page","status-publish","hentry"],"_links":{"self":[{"href":"http:\/\/www.santateresa.edu.pe\/portal\/wp-json\/wp\/v2\/pages\/217"}],"collection":[{"href":"http:\/\/www.santateresa.edu.pe\/portal\/wp-json\/wp\/v2\/pages"}],"about":[{"href":"http:\/\/www.santateresa.edu.pe\/portal\/wp-json\/wp\/v2\/types\/page"}],"author":[{"embeddable":true,"href":"http:\/\/www.santateresa.edu.pe\/portal\/wp-json\/wp\/v2\/users\/1"}],"replies":[{"embeddable":true,"href":"http:\/\/www.santateresa.edu.pe\/portal\/wp-json\/wp\/v2\/comments?post=217"}],"version-history":[{"count":18,"href":"http:\/\/www.santateresa.edu.pe\/portal\/wp-json\/wp\/v2\/pages\/217\/revisions"}],"predecessor-version":[{"id":796,"href":"http:\/\/www.santateresa.edu.pe\/portal\/wp-json\/wp\/v2\/pages\/217\/revisions\/796"}],"up":[{"embeddable":true,"href":"http:\/\/www.santateresa.edu.pe\/portal\/wp-json\/wp\/v2\/pages\/8"}],"wp:attachment":[{"href":"http:\/\/www.santateresa.edu.pe\/portal\/wp-json\/wp\/v2\/media?parent=217"}],"curies":[{"name":"wp","href":"https:\/\/api.w.org\/{rel}","templated":true}]}}

Quiénes Somos

<p>[vc_row][vc_column width=»1/2&#8243;][vc_column_text]</p>
<p style="text-align: center;"><strong>UN SUEÑO COMPARTIDO</strong></p>
<p style="text-align: center;">“Nada te turbe;<br />
nada te espante;<br />
todo se pasa;<br />
Dios no se muda,<br />
la paciencia todo lo alcanza.<br />
Quien a Dios tiene,<br />
nada le falta.<br />
Solo Dios basta”.</p>
<p style="text-align: center;">(Santa Teresa de Jesús)</p>
<p>&nbsp;</p>
<p>En esta situación de crisis, pareciera que no hay espacio para proyectarnos al futuro, para soñar. Sin embargo, a la luz de las palabras de Santa Teresa de Jesús podemos decir que “todo se pasa” y que “Dios no se muda”, no nos abandona, podemos expresar nuestros sueños porque ya hay un camino recorrido que debemos retomar.</p>
<p>&nbsp;</p>
<p><strong>Sueño con un Colegio… </strong></p>
<p>que sea en verdad una comunidad de amigos y amigas,</p>
<p>donde los estudiantes jueguen un rol protagónico.</p>
<p>Que no se diga a los niños y a las niñas</p>
<p>que ellos son el futuro del mañana… porque el futuro no es mañana, es hoy…</p>
<p>y ellos y ellas, tienen el derecho de ser protagonistas hoy</p>
<p>sin alienarse en un mañana que todavía no existe…</p>
<p>&nbsp;</p>
<p><strong>Sueño con un Colegio…</strong></p>
<p>Con profesoras y profesores innovadores, proactivos</p>
<p>con niños y niñas que sepan romper esquemas</p>
<p>y sepan de fe y de esperanza.</p>
<p>Con profesionales que confían y proponen retos</p>
<p>que en estos tiempos en que un virus nos llena de confusión y de miedo,</p>
<p>saben trasmitir ideas claras y fuerzas regeneradoras.</p>
<p>&nbsp;</p>
<p><strong>Sueño con una Colegio…. </strong></p>
<p>Que en estos tiempos que nos condenan al aislamiento</p>
<p>sabe gritar con el Papa Francisco que todos somos hermanos.</p>
<p>Que en estos tiempos de tentaciones egoístas e individualistas</p>
<p>inspira en sus estudiantes valores de ciudadanía y de servicio.</p>
<p>&nbsp;</p>
<p><strong>Y por eso, sueño con un Colegio…</strong></p>
<p>donde se hable poco del Dios del castigo y de la muerte,</p>
<p>y mucho del Dios del amor y de la vida.</p>
<p>con poca tendencia a encerrarse en si mismo,</p>
<p>y mucha proyección hacia las comunidades de nuestro entorno,</p>
<p>capaz de colaborar en el proyecto de Dios</p>
<p>&nbsp;</p>
<p>Con la certeza de ser un sueño compartido con toda la comunidad de Santa Teresa de Jesús los animo a seguir adelante para hacerlo realidad.</p>
<p>&nbsp;</p>
<p><strong>Ana Eugenia Morales Nole</strong></p>
<p><strong>Directora</strong>[/vc_column_text][/vc_column][vc_column width=»1/2&#8243;]</p>
<div class="image wrap-box style-3 below" style="">
<div class="wrap-box-inner"><img decoding="async" class="wrap-box-element" style=" " src="http://www.santateresa.edu.pe/portal/wp-content/uploads/2021/02/interior-images-4-2.jpg" alt=""/></div>
</div>
<p>[/vc_column][/vc_row]</p>

<p>[vc_row][vc_column width=»1/2&#8243;][vc_column_text] UN SUEÑO COMPARTIDO “Nada te turbe; nada te espante; todo se pasa; Dios no se muda, la paciencia&#8230;</p>
